{"id":5804,"date":"2024-01-06T00:43:03","date_gmt":"2024-01-05T23:43:03","guid":{"rendered":"https:\/\/aesthetic-beauty-munich.de\/zoskinhealth\/?post_type=product&#038;p=5804"},"modified":"2024-01-06T00:50:57","modified_gmt":"2024-01-05T23:50:57","slug":"exfolation-accelerator","status":"publish","type":"product","link":"https:\/\/aesthetic-beauty-munich.de\/zoskinhealth\/produkt\/exfolation-accelerator\/","title":{"rendered":"Exfoliation Accelerator"},"content":{"rendered":"<p>\u261b \u00a0 Entfernt abgestorbene Hautzellen, \u00f6ffnet Poren und l\u00e4sst die Haut frischer aussehen<br \/>\n\u261b \u00a0 Verbessert das Eindringen topischer Wirkstoffe<br \/>\n\u261b \u00a0 Wirkt entz\u00fcndungshemmend, beruhigend und unterst\u00fctzt die Heilungsprozesse gesch\u00e4digter Haut<br \/>\n\u261b \u00a0 Verbessert das Hautbild bei Akne, Sonnensch\u00e4den und Alterserscheinungen<br \/>\n\u261b \u00a0 Repariert und st\u00e4rkt die Barrierefunktion der Haut<\/p>\n","protected":false},"excerpt":{"rendered":"<p>Peeling mit 10% Milch- und Glycols\u00e4ure<\/p>\n","protected":false},"featured_media":5795,"template":"","meta":[],"product_cat":[62],"product_tag":[93],"class_list":{"0":"post-5804","1":"product","2":"type-product","3":"status-publish","4":"has-post-thumbnail","6":"product_cat-akne-behandeln","7":"product_tag-exfoliation","9":"first","10":"instock","11":"shipping-taxable","12":"purchasable","13":"product-type-simple"},"_links":{"self":[{"href":"https:\/\/aesthetic-beauty-munich.de\/zoskinhealth\/wp-json\/wp\/v2\/product\/5804","targetHints":{"allow":["GET"]}}],"collection":[{"href":"https:\/\/aesthetic-beauty-munich.de\/zoskinhealth\/wp-json\/wp\/v2\/product"}],"about":[{"href":"https:\/\/aesthetic-beauty-munich.de\/zoskinhealth\/wp-json\/wp\/v2\/types\/product"}],"wp:featuredmedia":[{"embeddable":true,"href":"https:\/\/aesthetic-beauty-munich.de\/zoskinhealth\/wp-json\/wp\/v2\/media\/5795"}],"wp:attachment":[{"href":"https:\/\/aesthetic-beauty-munich.de\/zoskinhealth\/wp-json\/wp\/v2\/media?parent=5804"}],"wp:term":[{"taxonomy":"product_cat","embeddable":true,"href":"https:\/\/aesthetic-beauty-munich.de\/zoskinhealth\/wp-json\/wp\/v2\/product_cat?post=5804"},{"taxonomy":"product_tag","embeddable":true,"href":"https:\/\/aesthetic-beauty-munich.de\/zoskinhealth\/wp-json\/wp\/v2\/product_tag?post=5804"}],"curies":[{"name":"wp","href":"https:\/\/api.w.org\/{rel}","templated":true}]}}