{"id":5726,"date":"2024-01-03T22:36:02","date_gmt":"2024-01-03T21:36:02","guid":{"rendered":"https:\/\/aesthetic-beauty-munich.de\/zoskinhealth\/?post_type=product&#038;p=5726"},"modified":"2024-01-03T23:03:18","modified_gmt":"2024-01-03T22:03:18","slug":"dual-action-scrub","status":"publish","type":"product","link":"https:\/\/aesthetic-beauty-munich.de\/zoskinhealth\/produkt\/dual-action-scrub\/","title":{"rendered":"Dual Action Scrub"},"content":{"rendered":"<p>\u261b \u00a0 Reduziert Bakterien und Entz\u00fcndungen<br \/>\n\u261b \u00a0 Entfernt abgestorbene Hautzellen<br \/>\n\u261b \u00a0 Beseitigt \u00fcbersch\u00fcssiges Fett<br \/>\n\u261b \u00a0 Verfeinert das Porenbild<br \/>\n\u261b \u00a0 Sch\u00fctzt bis zu 12 Std. vor freien Radikalen<\/p>\n","protected":false},"excerpt":{"rendered":"<p>Peeling f\u00fcr alle Hauttypen, au\u00dfer bei entz\u00fcndlicher Akne<\/p>\n","protected":false},"featured_media":5727,"template":"","meta":[],"product_cat":[58],"product_tag":[71],"class_list":{"0":"post-5726","1":"product","2":"type-product","3":"status-publish","4":"has-post-thumbnail","6":"product_cat-exfoliator","7":"product_tag-exfoliator","9":"first","10":"instock","11":"shipping-taxable","12":"purchasable","13":"product-type-simple"},"_links":{"self":[{"href":"https:\/\/aesthetic-beauty-munich.de\/zoskinhealth\/wp-json\/wp\/v2\/product\/5726","targetHints":{"allow":["GET"]}}],"collection":[{"href":"https:\/\/aesthetic-beauty-munich.de\/zoskinhealth\/wp-json\/wp\/v2\/product"}],"about":[{"href":"https:\/\/aesthetic-beauty-munich.de\/zoskinhealth\/wp-json\/wp\/v2\/types\/product"}],"wp:featuredmedia":[{"embeddable":true,"href":"https:\/\/aesthetic-beauty-munich.de\/zoskinhealth\/wp-json\/wp\/v2\/media\/5727"}],"wp:attachment":[{"href":"https:\/\/aesthetic-beauty-munich.de\/zoskinhealth\/wp-json\/wp\/v2\/media?parent=5726"}],"wp:term":[{"taxonomy":"product_cat","embeddable":true,"href":"https:\/\/aesthetic-beauty-munich.de\/zoskinhealth\/wp-json\/wp\/v2\/product_cat?post=5726"},{"taxonomy":"product_tag","embeddable":true,"href":"https:\/\/aesthetic-beauty-munich.de\/zoskinhealth\/wp-json\/wp\/v2\/product_tag?post=5726"}],"curies":[{"name":"wp","href":"https:\/\/api.w.org\/{rel}","templated":true}]}}