{"id":5953,"date":"2024-02-18T21:54:32","date_gmt":"2024-02-18T20:54:32","guid":{"rendered":"https:\/\/aesthetic-beauty-munich.de\/zoskinhealth\/?page_id=5953"},"modified":"2024-02-18T22:11:56","modified_gmt":"2024-02-18T21:11:56","slug":"agb","status":"publish","type":"page","link":"https:\/\/aesthetic-beauty-munich.de\/zoskinhealth\/agb\/","title":{"rendered":"AGB"},"content":{"rendered":"\t\t<div data-elementor-type=\"wp-page\" data-elementor-id=\"5953\" class=\"elementor elementor-5953\" data-elementor-post-type=\"page\">\n\t\t\t\t\t\t<section class=\"elementor-section elementor-top-section elementor-element elementor-element-8879431 elementor-section-boxed elementor-section-height-default elementor-section-height-default\" data-id=\"8879431\" data-element_type=\"section\">\n\t\t\t\t\t\t<div class=\"elementor-container elementor-column-gap-default\">\n\t\t\t\t\t<div class=\"elementor-column elementor-col-100 elementor-top-column elementor-element elementor-element-e832a17\" data-id=\"e832a17\" data-element_type=\"column\">\n\t\t\t<div class=\"elementor-widget-wrap elementor-element-populated\">\n\t\t\t\t\t\t<div class=\"elementor-element elementor-element-13a0f85 elementor-widget elementor-widget-spacer\" data-id=\"13a0f85\" data-element_type=\"widget\" data-widget_type=\"spacer.default\">\n\t\t\t\t<div class=\"elementor-widget-container\">\n\t\t\t<style>\/*! elementor - v3.19.0 - 07-02-2024 *\/\n.elementor-column .elementor-spacer-inner{height:var(--spacer-size)}.e-con{--container-widget-width:100%}.e-con-inner>.elementor-widget-spacer,.e-con>.elementor-widget-spacer{width:var(--container-widget-width,var(--spacer-size));--align-self:var(--container-widget-align-self,initial);--flex-shrink:0}.e-con-inner>.elementor-widget-spacer>.elementor-widget-container,.e-con>.elementor-widget-spacer>.elementor-widget-container{height:100%;width:100%}.e-con-inner>.elementor-widget-spacer>.elementor-widget-container>.elementor-spacer,.e-con>.elementor-widget-spacer>.elementor-widget-container>.elementor-spacer{height:100%}.e-con-inner>.elementor-widget-spacer>.elementor-widget-container>.elementor-spacer>.elementor-spacer-inner,.e-con>.elementor-widget-spacer>.elementor-widget-container>.elementor-spacer>.elementor-spacer-inner{height:var(--container-widget-height,var(--spacer-size))}.e-con-inner>.elementor-widget-spacer.elementor-widget-empty,.e-con>.elementor-widget-spacer.elementor-widget-empty{position:relative;min-height:22px;min-width:22px}.e-con-inner>.elementor-widget-spacer.elementor-widget-empty .elementor-widget-empty-icon,.e-con>.elementor-widget-spacer.elementor-widget-empty .elementor-widget-empty-icon{position:absolute;top:0;bottom:0;left:0;right:0;margin:auto;padding:0;width:22px;height:22px}<\/style>\t\t<div class=\"elementor-spacer\">\n\t\t\t<div class=\"elementor-spacer-inner\"><\/div>\n\t\t<\/div>\n\t\t\t\t<\/div>\n\t\t\t\t<\/div>\n\t\t\t\t<div class=\"elementor-element elementor-element-924facf elementor-widget elementor-widget-spacer\" data-id=\"924facf\" data-element_type=\"widget\" data-widget_type=\"spacer.default\">\n\t\t\t\t<div class=\"elementor-widget-container\">\n\t\t\t\t\t<div class=\"elementor-spacer\">\n\t\t\t<div class=\"elementor-spacer-inner\"><\/div>\n\t\t<\/div>\n\t\t\t\t<\/div>\n\t\t\t\t<\/div>\n\t\t\t\t<div class=\"elementor-element elementor-element-330ee68 elementor-widget elementor-widget-heading\" data-id=\"330ee68\" data-element_type=\"widget\" data-widget_type=\"heading.default\">\n\t\t\t\t<div class=\"elementor-widget-container\">\n\t\t\t<style>\/*! elementor - v3.19.0 - 07-02-2024 *\/\n.elementor-heading-title{padding:0;margin:0;line-height:1}.elementor-widget-heading .elementor-heading-title[class*=elementor-size-]>a{color:inherit;font-size:inherit;line-height:inherit}.elementor-widget-heading .elementor-heading-title.elementor-size-small{font-size:15px}.elementor-widget-heading .elementor-heading-title.elementor-size-medium{font-size:19px}.elementor-widget-heading .elementor-heading-title.elementor-size-large{font-size:29px}.elementor-widget-heading .elementor-heading-title.elementor-size-xl{font-size:39px}.elementor-widget-heading .elementor-heading-title.elementor-size-xxl{font-size:59px}<\/style><h4 class=\"elementor-heading-title elementor-size-default\">Allgemeine Gesch\u00e4fts\u00adbedingungen<\/h4>\t\t<\/div>\n\t\t\t\t<\/div>\n\t\t\t\t\t<\/div>\n\t\t<\/div>\n\t\t\t\t\t<\/div>\n\t\t<\/section>\n\t\t\t\t<section class=\"elementor-section elementor-top-section elementor-element elementor-element-feecdb1 elementor-section-boxed elementor-section-height-default elementor-section-height-default\" data-id=\"feecdb1\" data-element_type=\"section\">\n\t\t\t\t\t\t<div class=\"elementor-container elementor-column-gap-default\">\n\t\t\t\t\t<div class=\"elementor-column elementor-col-100 elementor-top-column elementor-element elementor-element-781de73\" data-id=\"781de73\" data-element_type=\"column\">\n\t\t\t<div class=\"elementor-widget-wrap elementor-element-populated\">\n\t\t\t\t\t\t<section class=\"elementor-section elementor-inner-section elementor-element elementor-element-0e2de20 elementor-section-boxed elementor-section-height-default elementor-section-height-default\" data-id=\"0e2de20\" data-element_type=\"section\">\n\t\t\t\t\t\t<div class=\"elementor-container elementor-column-gap-default\">\n\t\t\t\t\t<div class=\"elementor-column elementor-col-100 elementor-inner-column elementor-element elementor-element-22ef444\" data-id=\"22ef444\" data-element_type=\"column\">\n\t\t\t<div class=\"elementor-widget-wrap elementor-element-populated\">\n\t\t\t\t\t\t<div class=\"elementor-element elementor-element-ba98b00 elementor-view-default elementor-widget elementor-widget-wgl-toggle-accordion\" data-id=\"ba98b00\" data-element_type=\"widget\" data-widget_type=\"wgl-toggle-accordion.default\">\n\t\t\t\t<div class=\"elementor-widget-container\">\n\t\t\t<div class=\"wgl-accordion icon-plus\" id=\"wgl-accordion-ba98b00\" data-type=\"toggle\"><div class=\"wgl-accordion_panel\"><h4 id=\"wgl-accordion_header-1951\" class=\"wgl-accordion_header\" data-default=\"yes\"><span class=\"wgl-accordion_title\">1. Geltungsbereich, Begriffsbestimmungen<\/span><i class=\"wgl-accordion_icon elementor-icon \"><\/i><\/h4><div class=\"wgl-accordion_content\"><p><strong>(1)<\/strong><span>\u00a0<\/span>Unsere AGB gelten f\u00fcr das Rechtsverh\u00e4ltnis zwischen<\/p><p>Aesthetic Beauty Munich GmbH<br \/>Alisa Me\u00e7o<br \/>Reichenbachstrasse 51<br \/>D-80469 M\u00fcnchen<br \/>(im Folgenden \u201ewir\u201c, \u201euns\u201c oder \u201eAnbieter\u201c) und unseren Auftraggebern (im Folgenden \u201eKunde\u201c) nach Ma\u00dfgabe des zwischen uns und dem Kunden geschlossenen Vertrages.<\/p><p><strong>(2)<\/strong><span>\u00a0<\/span>Diese AGB gelten sowohl f\u00fcr Verbraucher gem. \u00a7 13 BGB, als auch f\u00fcr Unternehmer gem. \u00a7 14 BGB, insofern nicht in einzelnen Bestimmungen eine Differenzierung erfolgt.<\/p><p><strong>(3)<\/strong><span>\u00a0<\/span>Auf das Rechtsverh\u00e4ltnis zwischen uns und dem Kunden finden ausschlie\u00dflich diese AGB Anwendung. Abweichenden Regelungen oder Vorschriften des Kunden wird hiermit ausdr\u00fccklich widersprochen. Abweichende Regelungen oder Vorschriften des Kunden finden auch dann keine Anwendung, wenn wir diesen nicht individuell ausdr\u00fccklich widersprechen.<\/p><p><strong>(4)<\/strong><span>\u00a0<\/span>Diese AGB k\u00f6nnen jederzeit auf unserer Webseite www.aesthetic-beauty-munich.de eingesehen oder direkt bei uns angefragt werden.<\/p><\/div><\/div><div class=\"wgl-accordion_panel\"><h4 id=\"wgl-accordion_header-1952\" class=\"wgl-accordion_header\" data-default=\"\"><span class=\"wgl-accordion_title\">2. Vertragsgegenstand<\/span><i class=\"wgl-accordion_icon elementor-icon \"><\/i><\/h4><div class=\"wgl-accordion_content\"><p><strong>(1)<\/strong><span>\u00a0<\/span>Gegenstand des Vertrages ist die Erbringung von Leistungen aus dem Bereich Laser-Haarentfernung.<\/p><p><strong>(2)<\/strong><span>\u00a0<\/span>Die Einzelheiten der vereinbarten Leistung k\u00f6nnen dem Angebot entnommen werden, welches der Buchung des Kunden zugrunde liegt.<\/p><\/div><\/div><div class=\"wgl-accordion_panel\"><h4 id=\"wgl-accordion_header-1953\" class=\"wgl-accordion_header\" data-default=\"\"><span class=\"wgl-accordion_title\">3. Vertragsschluss<\/span><i class=\"wgl-accordion_icon elementor-icon \"><\/i><\/h4><div class=\"wgl-accordion_content\"><p><strong>(1)<\/strong><span>\u00a0<\/span>Wir behandeln ausschlie\u00dflich Personen, welche das 18. Lebensjahr vollendet haben. Bei Personen unter 18 Jahren ist bei Vertragsschluss die Vorlage einer Einverst\u00e4ndniserkl\u00e4rung des gesetzlichen Vertreters erforderlich.<\/p><p><strong>(2)<\/strong><span>\u00a0<\/span>Die auf unserer Webseite dargestellten Leistungen stellen keine verbindlichen Angebote auf Abschluss eines Vertrages \u00fcber die Buchung dieser Leistungen dar.<\/p><p><strong>(3)<\/strong><span>\u00a0<\/span>Werden Sie auf die Seiten des Buchungsanbieters Treatwell weitergeleitet, so stellen die dort dargestellten Leistungen verbindliche Angebote auf Abschluss eines Vertrages bez\u00fcglich der Buchung dieser Leistungen dar. Ob Sie sich auf einer Seite von Treatwell befinden k\u00f6nnen Sie an dem deutlichen Hinweis \u201ein Zusammenarbeit mit Treatwell\u201c auf der Webseite erkennen. Zum Vertragsschluss kommt es auf den Seiten von Treatwell nach Auswahl der gew\u00fcnschten Leistung und des gew\u00fcnschten Termins, Eingabe der pers\u00f6nlichen Daten und Zahlungsinformationen und des Abschlusses des Buchungsprozess durch Klick auf den Button \u201eJETZT KAUFEN\u201c.<\/p><p><strong>(4)<\/strong><span>\u00a0<\/span>Alternativ kann eine Buchungsanfrage \u00fcber das Kontaktformular auf unserer Webseite, per E-Mail, per Whatsapp oder \u00fcber unsere Social Media Pr\u00e4senzen vorgenommen werden. Die Buchungsanfrage des Kunden stellt kein verbindliches Angebot dar. Zum Vertragsschluss kommt es erst, nachdem der Kunde einen von uns angebotenen Termin durch eine ausdr\u00fcckliche Erkl\u00e4rung best\u00e4tigt.<\/p><p><strong>(5)<\/strong><span>\u00a0<\/span>Nach Vertragsschluss wird der Vertragstext bei uns nicht gespeichert.<\/p><\/div><\/div><div class=\"wgl-accordion_panel\"><h4 id=\"wgl-accordion_header-1954\" class=\"wgl-accordion_header\" data-default=\"\"><span class=\"wgl-accordion_title\">4. Preise, Zahlungsbedingungen<\/span><i class=\"wgl-accordion_icon elementor-icon \"><\/i><\/h4><div class=\"wgl-accordion_content\"><p><strong>(1)<\/strong><span>\u00a0<\/span>Alle im Angebot angegebenen Entgelte beinhalten bereits die gesetzliche Umsatzsteuer.<\/p><p><strong>(2)<\/strong><span>\u00a0<\/span>Wird die Leistung \u00fcber Treatwell gebucht, so ist das Entgelt nach Wahl des Kunden vorab oder erst vor Ort am Tage der Durchf\u00fchrung der Leistung f\u00e4llig. Wird die Leistung anderweitig gebucht (vor Ort oder nach Anfrage \u00fcber das Kontaktformular, telefonisch, per Whatsapp oder unsere Social Media Pr\u00e4senzen), so wird das Entgelt vor Ort nach Abschluss der Leistung f\u00e4llig. Werden Leistungen gebucht, welche mehrere einzelne Behandlungen beinhalten, so sind wir berechtigt, \u00fcber die Gesamtleistung bereits nach der ersten Behandlung abzurechnen.<\/p><p><strong>(3)<\/strong><span>\u00a0<\/span>Dem Kunden steht bei Buchung \u00fcber Treatwell ausschlie\u00dflich die Zahlung \u00fcber die dort zur Verf\u00fcgung gestellten Zahlungsmittel zur Verf\u00fcgung. Weitere Zahlungsarten werden nicht angeboten und werden zur\u00fcckgewiesen. Im \u00dcbrigen erfolgt die Zahlung in bar vor Ort.<\/p><p><strong>(4)<\/strong><span>\u00a0<\/span>Es gelten die gesetzlichen Regelungen betreffend die Folgen des Zahlungsverzuges.<\/p><p><strong>(5)<\/strong><span>\u00a0<\/span>Aufrechnungsrechte stehen dem Kunden nur zu, wenn seine Gegenanspr\u00fcche rechtskr\u00e4ftig festgestellt, unbestritten, von uns anerkannt oder mit unserer Hauptforderung synallagmatisch verkn\u00fcpft sind. Ist der Kunde Unternehmer, ist er zur Aus\u00fcbung eines Zur\u00fcckbehaltungsrechts nur befugt, wenn sein Gegenanspruch auf dem gleichen Vertragsverh\u00e4ltnis beruht.<\/p><p><strong>(6)<\/strong><span>\u00a0<\/span>\u00dcberweisung (Vorkasse)\u2028Nach der Bestellung wird dem Kunden die Kontoverbindung der Verk\u00e4uferin zur Zahlung mitgeteilt. Nach Gutschrift des Zahlbetrages auf dem angegebenen Konto der Verk\u00e4uferin erfolgt der Versand der Ware;<\/p><p><strong>(7)<\/strong><span>\u00a0<\/span>PayPal\u2028W\u00e4hrend des Bestellprozesses wird der Kunde zur PayPal-Seite weitergeleitet wor\u00fcber die Zahlung an die Verk\u00e4uferin durch den Kunden veranlasst wird. Nach Absendung der Bestellung und der Best\u00e4tigung der Zahlung durch PayPal erfolgt der Versand der Ware;<\/p><p><strong>(8)<\/strong><span>\u00a0<\/span>Kreditkarten\u2028W\u00e4hrend der Bestellung werden vom Kunden die notwendigen Kreditkarten Informationen abgefragt. Nach Eingang des Zahlbetrages auf dem angegebenen Konto der Verk\u00e4uferin erfolgt der Versand der Ware.<\/p><\/div><\/div><div class=\"wgl-accordion_panel\"><h4 id=\"wgl-accordion_header-1955\" class=\"wgl-accordion_header\" data-default=\"\"><span class=\"wgl-accordion_title\">5 Gutscheine<\/span><i class=\"wgl-accordion_icon elementor-icon \"><\/i><\/h4><div class=\"wgl-accordion_content\"><p><strong>(1)<\/strong>\u00a0Gutscheine sind \u2013 wenn nichts Anderes auf dem Gutschein vermerkt ist \u2013 drei Jahre ab Ausstellungsdatum g\u00fcltig.<\/p><p><strong>(2)<\/strong>\u00a0Mit dem Gutschein erwirbt der K\u00e4ufer ein Guthaben f\u00fcr Dienstleistungen der truemetics Kosmetikinstitute. Die Gutscheine k\u00f6nnen von jedem verwendet werden, der den Gutschein bei uns vorlegt. Eine Barauszahlung ist grunds\u00e4tzlich ausgeschlossen.<\/p><\/div><\/div><div class=\"wgl-accordion_panel\"><h4 id=\"wgl-accordion_header-1956\" class=\"wgl-accordion_header\" data-default=\"\"><span class=\"wgl-accordion_title\">6. Behandlungsdurchf\u00fchrung, Mitwirkungspflichten des Kunden, Rabatt-Verfall<\/span><i class=\"wgl-accordion_icon elementor-icon \"><\/i><\/h4><div class=\"wgl-accordion_content\"><p><strong>(1)<\/strong><span>\u00a0<\/span>Die Behandlungen sind jeweils an einen bestimmten, mit uns vereinbarten Termin gebunden. Wir werden versuchen, den besonderen Terminw\u00fcnschen des Kunden nachzukommen. Jedoch ist dies aufgrund der Vielzahl von Terminw\u00fcnschen nicht immer m\u00f6glich. Vereinbarte Termine sind vorbehaltlich der Vorschriften der Abschnitte 5. und 6. verbindlich.<\/p><p><strong>(2)<\/strong><span>\u00a0<\/span>Der Kunde ist dazu verpflichtet, wahrheitsgem\u00e4\u00dfe Angaben zu seinem gesundheitlichen Zustand und insbesondere zu Hautunvertr\u00e4glichkeiten zu machen. Er ist verpflichtet, uns unverz\u00fcglich \u00fcber Umst\u00e4nde zu informieren, welche einer Behandlung entgegenstehen k\u00f6nnten.<\/p><p><strong>(3)<\/strong><span>\u00a0<\/span>Wir sind berechtigt, die Behandlung zu verweigern oder abzubrechen, wenn der Kunde f\u00fcr die Behandlung erforderliche Ausk\u00fcnfte unzutreffend, unvollst\u00e4ndig oder ungenau erteilt oder sich entgegen unserer vorherigen Anweisungen unzureichend auf die Behandlung vorbereitet (etwa vorheriger Besuch eines Solariums).<\/p><p><strong>(4)<\/strong><span>\u00a0<\/span>Werden Leistungen gebucht, die mehrere einzelne Behandlungen beinhalten, so verf\u00e4llt der Rabatt auf diese Leistungspakete, wenn der Kunde zwischen einzelnen aufeinanderfolgenden Behandlungen aus dem Leistungspaket mehr als 12 Wochen verstreichen l\u00e4sst. Dies gilt nicht, wenn der Abstand von mehr als 12 Wochen zwischen zwei aufeinanderfolgenden Behandlungen in Umst\u00e4nden begr\u00fcndet liegt, die wir zu vertreten haben.<\/p><\/div><\/div><div class=\"wgl-accordion_panel\"><h4 id=\"wgl-accordion_header-1957\" class=\"wgl-accordion_header\" data-default=\"\"><span class=\"wgl-accordion_title\">7. Kurzfristige Absagen \u2013 Stornierungsgeb\u00fchren<\/span><i class=\"wgl-accordion_icon elementor-icon \"><\/i><\/h4><div class=\"wgl-accordion_content\"><p><strong>(1)<\/strong><span>\u00a0<\/span>Gebuchte Termine sind verbindlich. Eine Verschiebung eines gebuchten Termins ist nur kulanzweise und nach R\u00fccksprache m\u00f6glich.<\/p><p><strong>(2)<\/strong><span>\u00a0<\/span>Wird ein Termin f\u00fcr eine gebuchte Leistung sp\u00e4ter als 24 Stunden vor dem Termin abgesagt, so sind wir berechtigt, eine Stornierungsgeb\u00fchr in H\u00f6he von 50 % des Leistungswertes zu erheben; war der abgesagte Termin ein Termin aus einem Rabattpaket, so f\u00e4llt f\u00fcr den Ersatztermin ein ebenso rabattiertes Entgelt an. Bei Nicht-Erscheinen ohne Absage wird die volle Verg\u00fctung f\u00e4llig. Bei der R\u00fcckzahlung bereits gezahlter Entgelte wird diese Geb\u00fchr in Abzug gebracht. Sind zu Zeitpunkt der Absage noch keine Entgelte gezahlt worden, so ist die Stornierungsgeb\u00fchr sofort zur Zahlung f\u00e4llig. Ein Anspruch auf Ersatzleistung seitens des Kunden besteht nicht. Gutscheine f\u00fcr den Termin gelten bei Nicht-Einhaltung der 24 Stunden-Frist als eingel\u00f6st. Unber\u00fchrt von dem Vorgenannten bleibt das kostenfreie gesetzliche Widerrufsrecht von Kunden, die Verbraucher sind.<\/p><\/div><\/div><div class=\"wgl-accordion_panel\"><h4 id=\"wgl-accordion_header-1958\" class=\"wgl-accordion_header\" data-default=\"\"><span class=\"wgl-accordion_title\">8. Unm\u00f6glichkeit der Leistung wegen besonderer Ereignisse<\/span><i class=\"wgl-accordion_icon elementor-icon \"><\/i><\/h4><div class=\"wgl-accordion_content\"><p><strong>(1)<\/strong><span>\u00a0<\/span>Kann die geschuldete Leistung aufgrund eines unvorhersehbaren Ereignisses wie etwa Stromausfall oder aufgrund h\u00f6herer Gewalt (etwa Naturkatastrophen und Epidemien, Kriege, innere Unruhen) nicht erbracht werden, so werden wir den Kunden unverz\u00fcglich dar\u00fcber mittels der vom Kunden hinterlegten Kontaktdaten informieren. Wir sind in diesem Fall berechtigt, vom Vertrag zur\u00fcckzutreten und\/oder einen Ersatztermin anzubieten. Alle geleisteten Zahlungen f\u00fcr noch nicht erbrachte Zahlungen werden dem Kunden zur\u00fcckerstattet, sollte kein Ersatztermin gefunden w\u00e4ren.<\/p><p><strong>(2)<\/strong><span>\u00a0<\/span>Ein weitergehender Anspruch des Kunden auf Schadensersatz steht diesem nicht zu, wenn wir den Grund f\u00fcr die Nichterbringung der Leistungen nicht zu vertreten haben.<\/p><p><span>\u00a0<\/span><\/p><\/div><\/div><div class=\"wgl-accordion_panel\"><h4 id=\"wgl-accordion_header-1959\" class=\"wgl-accordion_header\" data-default=\"\"><span class=\"wgl-accordion_title\">9. Haftungsausschluss<\/span><i class=\"wgl-accordion_icon elementor-icon \"><\/i><\/h4><div class=\"wgl-accordion_content\"><p><strong>(1)<\/strong><span>\u00a0<\/span>Garantien im Rechtssinne erh\u00e4lt der Kunde nicht. Insbesondere kann kein Behandlungserfolg garantiert werden, da der Erfolg einer Laser-Haarbehandlung je nach Haartyp, Haarfarbe und Hauttyp erheblich variiert.<\/p><p><strong>(2)<\/strong><span>\u00a0<\/span>Wir sind \u00fcber eine Berufshaftpflichtversicherung versichert f\u00fcr Sch\u00e4den aufgrund von Fehlern bei der Behandlungs- und Leistungsdurchf\u00fchrung. Die Versicherungssumme betr\u00e4gt 3.000.000 EUR je Schadensfall f\u00fcr Personen- und Sachsch\u00e4den (h\u00f6chstens 6.000.000 EUR je Versicherungsjahr) sowie 100.000 EUR je Schadensfall f\u00fcr Verm\u00f6genssch\u00e4den (h\u00f6chstens 200.000 EUR je Versicherungsjahr).<\/p><p><strong>(3)<\/strong><span>\u00a0<\/span>Unsere Haftung f\u00fcr vertragliche Pflichtverletzungen sowie aus Delikt ist auf Vorsatz und grobe Fahrl\u00e4ssigkeit beschr\u00e4nkt. Dies gilt nicht bei Verletzung des Lebens, des K\u00f6rpers, der Gesundheit oder wesentlicher Vertragspflichten, welche zur Erreichung des Vertragszieles notwendigerweise erf\u00fcllt werden m\u00fcssen, sowie dem Ersatz von Verzugssch\u00e4den. Insoweit haften wir f\u00fcr jeden Grad des Verschuldens. Im Falle von leichtfahrl\u00e4ssiger Verletzung wesentlicher Vertragspflichten haften wir nur f\u00fcr typische und vorhersehbare Sch\u00e4den.<\/p><p><strong>(4)<\/strong><span>\u00a0<\/span>Soweit die Schadensersatzhaftung gegen\u00fcber uns ausgeschlossen oder eingeschr\u00e4nkt ist, gilt dies auch im Hinblick auf die pers\u00f6nliche Schadensersatzhaftung unserer Angestellten, Arbeitnehmer, Mitarbeiter, Vertreter und Erf\u00fcllungsgehilfen.<\/p><\/div><\/div><div class=\"wgl-accordion_panel\"><h4 id=\"wgl-accordion_header-19510\" class=\"wgl-accordion_header\" data-default=\"\"><span class=\"wgl-accordion_title\">10. Schlussbestimmungen<\/span><i class=\"wgl-accordion_icon elementor-icon \"><\/i><\/h4><div class=\"wgl-accordion_content\"><p><strong>(1)<\/strong><span>\u00a0<\/span>F\u00fcr diesen Vertrag gilt das Recht der Bundesrepublik Deutschland.<\/p><p><strong>(2)<\/strong><span>\u00a0<\/span>Die gesetzlichen Regelungen \u00fcber die Gerichtsst\u00e4nde bleiben unber\u00fchrt, soweit sich nicht aus der Sonderregelung des Absatzes (3) etwas anderes ergibt.<\/p><p><strong>(3)<\/strong><span>\u00a0<\/span>Ist der Kunde Kaufmann, eine juristische Person des \u00f6ffentlichen Rechts oder des \u00f6ffentlich-rechtlichen Sonderverm\u00f6gens, so ist der Gerichtsstand am Sitz des Anbieters. Der Anbieter ist jedoch berechtigt, den Kunden auch an seinem Wohnsitzgericht zu verklagen. Im Falle eines Vertrages mit einem Verbraucher, ist Gerichtsstand der Sitz des Anbieters falls der Kunde nach Vertragsschluss seinen Wohnsitz oder gew\u00f6hnlichen Aufenthaltsort aus dem Geltungsbereich der Bundesrepublik Deutschland verlegt. Dies gilt auch, wenn der Wohnsitz oder gew\u00f6hnlicher Aufenthalt des Kunden zum Zeitpunkt der Klageerhebung nicht bekannt sind.<\/p><\/div><\/div><div class=\"wgl-accordion_panel\"><h4 id=\"wgl-accordion_header-19511\" class=\"wgl-accordion_header\" data-default=\"\"><span class=\"wgl-accordion_title\">11. Streitbeilegung; Umsetzung der ODR\u00ad-Richtlinie<\/span><i class=\"wgl-accordion_icon elementor-icon \"><\/i><\/h4><div class=\"wgl-accordion_content\"><p><strong>(1)<\/strong><span>\u00a0<\/span>Online\u00adStreitbeilegung gem\u00e4\u00df Art. 14 Abs. 1 ODR\u00adVO: Die Europ\u00e4ische Kommission stellt eine Plattform zur Online\u00adStreitbeilegung (OS) bereit, die Sie unter http:\/\/ec.europa.eu\/consumers\/odr\/ finden. Die E-Mail-Adresse lautet<span>\u00a0<\/span><span id=\"eeb-199995-482650\">termin@aesthetic-beauty-munich.de<\/span>.<\/p><p><strong>(2)<\/strong><span>\u00a0<\/span>Zur Teilnahme an einem Streitbeilegungsverfahren vor einer Verbraucherschlichtungsstelle sind wir nicht verpflichtet und nicht bereit.<\/p><\/div><\/div><\/div>\t\t<\/div>\n\t\t\t\t<\/div>\n\t\t\t\t<div class=\"elementor-element elementor-element-9101347 elementor-widget elementor-widget-text-editor\" data-id=\"9101347\" data-element_type=\"widget\" data-widget_type=\"text-editor.default\">\n\t\t\t\t<div class=\"elementor-widget-container\">\n\t\t\t<style>\/*! elementor - v3.19.0 - 07-02-2024 *\/\n.elementor-widget-text-editor.elementor-drop-cap-view-stacked .elementor-drop-cap{background-color:#69727d;color:#fff}.elementor-widget-text-editor.elementor-drop-cap-view-framed .elementor-drop-cap{color:#69727d;border:3px solid;background-color:transparent}.elementor-widget-text-editor:not(.elementor-drop-cap-view-default) .elementor-drop-cap{margin-top:8px}.elementor-widget-text-editor:not(.elementor-drop-cap-view-default) .elementor-drop-cap-letter{width:1em;height:1em}.elementor-widget-text-editor .elementor-drop-cap{float:left;text-align:center;line-height:1;font-size:50px}.elementor-widget-text-editor .elementor-drop-cap-letter{display:inline-block}<\/style>\t\t\t\t<p><span><\/span><span>Es gilt unsere aktuelle AGB vom<\/span> vom 02.01.2024<\/p>\t\t\t\t\t\t<\/div>\n\t\t\t\t<\/div>\n\t\t\t\t\t<\/div>\n\t\t<\/div>\n\t\t\t\t\t<\/div>\n\t\t<\/section>\n\t\t\t\t\t<\/div>\n\t\t<\/div>\n\t\t\t\t\t<\/div>\n\t\t<\/section>\n\t\t\t\t<\/div>\n\t\t","protected":false},"excerpt":{"rendered":"<p>Allgemeine Gesch\u00e4fts\u00adbedingungen 1. Geltungsbereich, Begriffsbestimmungen (1)\u00a0Unsere AGB gelten f\u00fcr das Rechtsverh\u00e4ltnis zwischen Aesthetic Beauty Munich GmbHAlisa Me\u00e7oReichenbachstrasse 51D-80469 M\u00fcnchen(im Folgenden \u201ewir\u201c, \u201euns\u201c oder \u201eAnbieter\u201c) und unseren Auftraggebern (im Folgenden \u201eKunde\u201c) nach Ma\u00dfgabe des zwischen uns und dem Kunden geschlossenen Vertrages. (2)\u00a0Diese AGB gelten sowohl f\u00fcr Verbraucher gem. \u00a7 13 BGB, als auch f\u00fcr Unternehmer gem. [&hellip;]<\/p>\n","protected":false},"author":1,"featured_media":0,"parent":0,"menu_order":0,"comment_status":"closed","ping_status":"closed","template":"","meta":{"footnotes":""},"class_list":["post-5953","page","type-page","status-publish","hentry"],"_links":{"self":[{"href":"https:\/\/aesthetic-beauty-munich.de\/zoskinhealth\/wp-json\/wp\/v2\/pages\/5953","targetHints":{"allow":["GET"]}}],"collection":[{"href":"https:\/\/aesthetic-beauty-munich.de\/zoskinhealth\/wp-json\/wp\/v2\/pages"}],"about":[{"href":"https:\/\/aesthetic-beauty-munich.de\/zoskinhealth\/wp-json\/wp\/v2\/types\/page"}],"author":[{"embeddable":true,"href":"https:\/\/aesthetic-beauty-munich.de\/zoskinhealth\/wp-json\/wp\/v2\/users\/1"}],"replies":[{"embeddable":true,"href":"https:\/\/aesthetic-beauty-munich.de\/zoskinhealth\/wp-json\/wp\/v2\/comments?post=5953"}],"version-history":[{"count":4,"href":"https:\/\/aesthetic-beauty-munich.de\/zoskinhealth\/wp-json\/wp\/v2\/pages\/5953\/revisions"}],"predecessor-version":[{"id":5957,"href":"https:\/\/aesthetic-beauty-munich.de\/zoskinhealth\/wp-json\/wp\/v2\/pages\/5953\/revisions\/5957"}],"wp:attachment":[{"href":"https:\/\/aesthetic-beauty-munich.de\/zoskinhealth\/wp-json\/wp\/v2\/media?parent=5953"}],"curies":[{"name":"wp","href":"https:\/\/api.w.org\/{rel}","templated":true}]}}